u).
-7
Let m(s) = 3*s - 36. Let u be m(13). Let n(k) = k - 2*k + 0 - 2*k + 1. Calculate n(u).
-8
Let l(u) = 0 + 0 + u + 0*u - 2 - 5. Give l(-6).
-13
Let d(b) = -b**2 - 615 + 0*b + 1237 - 614 - 7*b. What is d(-7)?
8
Let y(c) = -7*c - 2. Let z(l) = l. Let u be (1 - (-2 + 3)) + -1. Let i(w) = u*y(w) - 6*z(w). Let q(g) = g**2 - 9*g - 10. Let m be q(10). What is i(m)?
2
Let v(k) = 2*k + 8. Let h(w) be the second derivative of -w**3/6 - 7*w**2/2 + 7*w. Let f(b) = 6*h(b) + 5*v(b). Determine f(6).
22
Let j(a) = -5*a**2. Let o be 3*(1 - 10/6). Let x = 15 + -12. Let d = x + o. Give j(d).
-5
Let a be 14 + 780/(-70) + (-3)/(-21). Let l(p) = 2*p - 3. Determine l(a).
3
Let w(f) be the first derivative of -f**4/4 - 2*f**3/3 - 3*f**2/2 - 2*f + 9. Let h be 3/15 + 199/5. Let s be (-24)/h - (-14)/(-10). Give w(s).
4
Let u(o) = o**3 + 24*o**2 - 22*o + 77. Let a be u(-25). Suppose 3*y - 19 = 2. Suppose 0 = a*f - 1 + y. Let l(b) = -b**2 + 2. Calculate l(f).
-7
Let m(l) be the third derivative of -l**4/24 + 7*l**3/6 - l**2. Let g = -1938 + 1941. What is m(g)?
4
Let l(z) be the first derivative of -1/2*z**2 - 18 + 0*z. Let f(c) = c**2 + 4*c - 3. Let b be f(-5). Calculate l(b).
-2
Suppose -64*x + 71*x = -21. Let n(s) = -s + 3. Let h(v) = -3*v + 9. Let m(j) = -2*h(j) + 7*n(j). Give m(x).
6
Suppose -5 = 3*v + 2*z, 0*v = 4*v + z + 15. Let j(r) = -3*r**2 - 15*r + 5. Let s(k) = 2*k**2 + 10*k - 3. Let q(y) = v*j(y) - 7*s(y). Determine q(-4).
-8
Let y(j) = 7*j**3 + 12*j**2 - j - 2. Let a(l) = -12*l**3 - 22*l**2 + 2*l + 5. Let q(k) = 3*a(k) + 5*y(k). Calculate q(-6).
-1
Let m = 6 - 5. Let h(n) = m + 3*n - 2*n - 2*n + 4. What is h(6)?
-1
Suppose 4*j - 2*j = 4. Let l = 703 - 701. Let z(u) = 3*u**2 - 12 - l*u**j + 9. Determine z(3).
6
Let u(a) = 2*a**3 + a - 12*a**2 - 3*a + 1 - 19*a**2 + 30*a**2. Suppose 0 = j - 2. What is u(j)?
9
Let w(m) = -3*m + 1. Suppose -2*x = -0*x - 2*j - 8, 0 = -2*x - j + 17. Let g be 2/(-2*(-1)/x). Suppose -4*o = -2*c + 14, -c - 2*o + g*o = -19. Give w(c).
4
Let k(r) = -3 + 168*r - 84*r - 82*r. Let v be k(-2). Let y(p) = p**2 + 9*p + 9. Give y(v).
-5
Let x(p) = p**3 + 4*p**2 - 26*p - 8. Let y(a) = -a**3 - 6*a**2 + 27*a + 10. Let h(i) = 7*x(i) + 6*y(i). Give h(10).
4
Let w(i) = -i + 4. Let m = -277 + 277. Calculate w(m).
4
Let v be 2 - (-44)/7 - (-2)/(-7). Let f(c) = -4*c + c - v + 4*c + 0. Calculate f(9).
1
Let s be 31/(-155) - 1/(-5). Let j(z) be the third derivative of -1/12*z**4 + 0*z + s - 7*z**2 + 4/3*z**3. Calculate j(6).
-4
Suppose -j - l + 5 + 4 = 0, 4*l + 14 = j. Let h = -3 + j. Let v(n) = 0*n - h*n - 2 + 3 + 8*n. Determine v(-5).
-4
Let l(i) = 7*i**3 - i**2 - i - 2. Let h be l(0). Let s(w) = 6*w + 1. Let v = -8 + 4. Let j(t) = 7*t + 1. Let o(m) = v*j(m) + 5*s(m). Determine o(h).
-3
Let x(b) = -1 + 25*b**3 - 2 + 4 + b - 26*b**3. Suppose -3*r = -16 + 13. Let t(w) = 2*w**3 - 6*w**2 - 8*w + 8. Let c(y) = r*t(y) + x(y). What is c(7)?
9
Let t(h) be the second derivative of h**5/20 + 5*h**4/12 - 7*h**2/2 + 2*h. Suppose -12 = -n - 17. Calculate t(n).
-7
Suppose 7*r + 321 = 8*r. Let j(w) = -r*w + 319*w + w**3 - 5 + 4*w**2 - 1. Give j(-4).
2
Let g(y) = -2*y**2 - 2*y - 25. Let o(m) = m**2 + m + 20. Let b(j) = 3*g(j) + 4*o(j). Calculate b(-6).
-55
Let j(l) be the second derivative of -7/12*l**4 + 5/2*l**2 + l**3 + 0 - 25*l + 1/20*l**5. Calculate j(6).
5
Let t be 2/6 + (5 - 40/3). Let j(b) = b + 12. What is j(t)?
4
Let g(j) = 0*j + 3061*j**3 - 3060*j**3 + 5*j - j. What is g(-3)?
-39
Suppose -15*q = -11*q - 44. Let o(b) = -b**2 + 7*b + 48. Calculate o(q).
4
Let j = -9 + 14. Let c(g) = 5*g - 3*g + 3 - 1 - j*g**2. Suppose -1008*q + 987*q + 42 = 0. Give c(q).
-14
Let l(r) = r**2 + 5*r + 2. Let h be l(-5). Let j(c) be the second derivative of -1/3*c**3 + 6*c + c**2 + 0. Calculate j(h).
-2
Suppose 5*y - 40 = 4*p, -7*p + 4*p = y + 11. Let r(h) = -h**2 - 2*h + 4. Give r(y).
-20
Let t(f) = -f**3 + 7*f**2 - 10*f + 9. Let m(c) = -3*c - 3. Let l(x) = -x**3 + 5*x**2 - 8*x + 3. Let v be l(3). Let o be m(v). Determine t(o).
-15
Let g(i) = i**3 - i**2. Let q(f) = -2*f**3 + 6*f**2 - f + 3. Let n(a) = 3*g(a) + q(a). Calculate n(-3).
6
Let n(b) = b**3 - b**2. Let r(q) = 5*q**3 - 6*q**2 - 3*q + 3. Suppose -2*a + 2*w - 10 = -0*a, 3*a = 4*w - 16. Let y(h) = a*n(h) + r(h). Give y(3).
3
Let u(b) be the second derivative of 5/24*b**4 + 1/60*b**5 + 0 - 6*b + 7/6*b**3 - 1/2*b**2. Let f(l) be the first derivative of u(l). Give f(-5).
7
Let j(u) = 36*u**2 + 4*u + 2. Let o(v) = 18*v**2 + 2*v + 1. Let i(h) = -2*j(h) + 5*o(h). What is i(-1)?
17
Let x(r) be the second derivative of 5*r**4/6 + r**3/3 - 173*r. Determine x(2).
44
Let d(w) be the second derivative of -w**5/10 - w**4/6 - w**2/2 + 78*w - 2. Let q = -5 - -3. Determine d(q).
7
Let i(l) be the first derivative of -l**6/120 - l**5/60 + l**4/24 + 2*l**3 - 9. Let v(b) be the third derivative of i(b). Calculate v(2).
-15
Suppose -n + y + 13 = 0, 0 = -3*n + y - 4*y + 9. Let m(a) = -a - 140 + 32 + 34 + 38 + 49. Determine m(n).
5
Suppose 22 = 6*q + 4. Let x(c) = -2*c - q*c + 9*c - 2*c. What is x(5)?
10
Suppose 41 - 10 = t. Let b be t/7 - (-4)/7. Let n(d) = d**2 - 5*d + 5. Calculate n(b).
5
Let y(s) = 2*s**2 - 4*s + 8. Let q(n) = n**2 - n + 3. Let z(p) = 3*q(p) - y(p). What is z(-3)?
7
Let g(z) = -3*z**2 - 9*z - 1. Let c(u) = -4*u**2 - 10*u - 1. Let y be 0 - ((-12)/12)/(1/5). Let k(m) = y*g(m) - 4*c(m). What is k(3)?
-7
Suppose 5*i + 4*j - 10 = 0, 2*j = -5*i + 4*j + 10. Let t(m) = i*m**3 - 2*m + 0*m**3 + m**3 - 4*m**3 - 4*m**2. What is t(-4)?
8
Let g(u) = -2*u**2 + 2*u + 10. Let d be g(-2). Let k(o) = o**3 - 2*o**2 - 2*o - 1. Calculate k(d).
-13
Let h = -2 + 1. Let q(n) = -n + 8. Let o(f) = f - 11. Let k be o(16). Let y(g) = 1. Let z(a) = k*q(a) - 40*y(a). What is z(h)?
5
Let d(o) = -o + 16. Let w be d(8). Let j(c) be the first derivative of 2*c**2 - c**2 + 1 + w*c + 8. Give j(-6).
-4
Suppose -3*s = -16 - 2. Let d(r) = -11*r - r**3 - s*r**2 + 3*r - 4 + 15*r. Give d(-7).
-4
Let y(f) be the first derivative of -3*f**2/2 - 9*f - 146. What is y(7)?
-30
Let s(a) = -9*a**3 + 7*a**2 - 4*a - 7. Let w(l) = l**3 - 2*l**2 + l + 1. Let f(q) = -s(q) - 4*w(q). What is f(-2)?
-33
Let c(q) = -19*q**2 + 24*q + 6. Let n(l) = 12*l**2 - 16*l - 4. Let d(f) = 5*c(f) + 8*n(f). Suppose 0 = -7*r + 2*r + 15. Let o = r - -5. Calculate d(o).
-2
Let x(s) = 6*s**2 - 11*s - 4. Let w(m) = -5*m**2 + 11*m + 4. Let u(j) = 5*w(j) + 4*x(j). What is u(9)?
22
Let k(t) be the second derivative of -t**3/3 - 2*t**2 - 3*t + 20. Determine k(11).
-26
Suppose 8 + 0 = 4*s. Suppose 0*l = -p + l, 6 = s*l. Let r(g) = 2*g - 5*g + p*g + 6 - g. Calculate r(6).
0
Let c(i) = -i**2 + 5*i + 2. Let m be c(-1). Let g(f) = 5*f**2 - 17*f + 1. Let k(r) = 3*r**2 - 9*r + 1. Let a(u) = -4*g(u) + 7*k(u). Calculate a(m).
-1
Let r(k) = -k**2 + 17*k - 31. Let t = -547 + 562. What is r(t)?
-1
Let b(m) = m**3 + 6*m**2 + 3*m - 6. Let p = 39 + -44. Give b(p).
4
Suppose -4*u = -3*z - 5, 5*z = -0*z + 5. Let o(l) = l**2 - 9*l + 8. Let f be o(8). Let d(r) = 31 - 28 + f*r**2 + r**3 + 3*r**u - r. What is d(-4)?
-9
Let z(c) be the second derivative of c**5/20 + c**4/3 + c**3/2 + c**2/2 + c + 3. Let k be z(-3). Let n(u) = -u. Determine n(k).
-1
Suppose 13 + 7 = 20*r. Let y(z) = -z - 7. Let h(j) = j + 4. Let a(n) = 7*h(n) + 4*y(n). Calculate a(r).
3
Let g(h) = -h + 38. Let t be g(52). Let k(w) = w**2 + 16*w + 18. Determine k(t).
-10
Let n(s) = -s + 8. Let w(p) = -32 - 306*p + 300*p - 2 - 8. Let z be w(-8). Calculate n(z).
2
Let k(i) = 2*i**3 + 9*i**2 + 2*i + 3. Let z(o) = o**3 + 5*o**2 + o + 1. Let y(p) = 6*k(p) - 11*z(p). Let d = -228 + 228. Determine y(d).
7
Let n(u) be the first derivative of u**4/4 + 4*u**3/3 + u**2/2 + 5*u - 360. Give n(-4).
1
Let r be (-2)/(-9) - (-690)/54. Let i(a) = -2*a**2 + r*a + 6 - 5*a + 7*a**2 - 4*a**2. Let x be (-3)/((21/4)/7). Determine i(x).
-10
Let w(s) = 6*s**2 - 3*s. Let g(x) = x**3 + 8*x**2 - x. Let n be g(-8). Suppose -2*t - 5 = -3*f, t - n = -0*t - 2*f. Calculate w(t).
18
Suppose 6*n - 10*n = -12. Suppose -j - 2 - 13 = -n*h, 5*j - 15 = -3*h. Let m(f) = f**3 + f**2 + 3. Calculate m(j).
3
Suppose 3*o = x + 3*x - 44, x = 2*o + 11. Suppose 3*t + x = 29. Let d(y) = 3*y - 6*y**2 - 2*y**3 + 3*y**3 + 0*y + 0*y - 9. Determine d(t).
9
Let b(c) = 6*c - 3*c**2 + 4*c**2 - 3 + 2 - 4. Calcu